f 3438 and 893430.
18
What is the greatest common divisor of 897480255 and 35?
35
What is the highest common divisor of 2471 and 34160?
7
What is the greatest common divisor of 29170492 and 624?
52
What is the highest common divisor of 8911 and 391616809?
1273
Calculate the greatest common divisor of 5087 and 174255185.
5087
Calculate the greatest common divisor of 1600963 and 584.
73
What is the highest common factor of 8268106 and 1078?
154
What is the highest common factor of 78210 and 1212420?
330
What is the greatest common divisor of 336 and 295512?
168
What is the highest common divisor of 290130096 and 7728?
1104
Calculate the highest common divisor of 2779794 and 5446.
778
Calculate the highest common divisor of 7540868 and 7238.
94
What is the highest common divisor of 61963730 and 21920?
1370
Calculate the highest common factor of 2042941 and 867.
289
What is the greatest common divisor of 100860365 and 5?
5
Calculate the highest common divisor of 2956059 and 2050.
41
What is the greatest common divisor of 311 and 124813319?
311
Calculate the highest common factor of 324 and 50009436.
36
What is the greatest common divisor of 4862 and 38772206?
374
What is the greatest common factor of 806 and 801710?
26
What is the highest common factor of 481327 and 4802?
49
What is the greatest common factor of 437682 and 4046?
238
What is the greatest common factor of 4070 and 1773410?
370
What is the greatest common divisor of 2145033 and 8460?
423
What is the greatest common divisor of 7374 and 63206241?
3687
Calculate the greatest common factor of 6692 and 721070.
14
Calculate the greatest common divisor of 72748371 and 281.
281
What is the greatest common factor of 763 and 33404903?
763
What is the highest common divisor of 49349136 and 48?
48
What is the highest common factor of 279158144 and 256?
128
What is the highest common divisor of 1589962 and 27280?
22
What is the highest common factor of 187980 and 150540?
780
Calculate the highest common factor of 2156 and 56176876.
28
Calculate the highest common divisor of 303 and 35626639.
101
Calculate the highest common factor of 182761290 and 60.
30
Calculate the highest common factor of 30149 and 5418973.
413
What is the greatest common factor of 571951743 and 5533?
5533
What is the greatest common divisor of 16932 and 56640?
12
What is the greatest common factor of 10 and 15372765?
5
What is the greatest common factor of 936 and 5038128?
72
What is the highest common divisor of 1207 and 134623?
17
Calculate the highest common divisor of 10935 and 590.
5
Calculate the highest common factor of 68 and 516260.
4
Calculate the greatest common factor of 492 and 40008948.
492
Calculate the highest common divisor of 18 and 44252487.
9
Calculate the greatest common factor of 85185 and 21540.
15
Calculate the highest common factor of 24415418 and 114.
38
What is the greatest common divisor of 450140644 and 2248?
1124
Calculate the highest common divisor of 8 and 1682359688.
8
What is the greatest common divisor of 12434317 and 1736?
217
What is the greatest common divisor of 62971406 and 146?
146
What is the greatest common factor of 16410344 and 39848?
2344
What is the highest common factor of 118869226 and 28?
14
Calculate the greatest common factor of 240 and 237892.
4
What is the highest common factor of 1419 and 3156582?
33
Calculate the highest common divisor of 330505 and 53865.
665
Calculate the highest common divisor of 301620 and 240570.
330
Calculate the highest common factor of 646785 and 765.
45
Calculate the greatest common factor of 370495535 and 380.
95
Calculate the greatest common factor of 2802 and 82266.
6
What is the highest common factor of 2487294981 and 18162?
9081
Calculate the highest common factor of 86287 and 464.
1
What is the greatest common divisor of 89603124 and 107576?
7684
What is the highest common factor of 38708471 and 989?
989
What is the highest common divisor of 36586200 and 71610?
6510
What is the greatest common factor of 91908462 and 6?
6
Calculate the greatest common divisor of 283 and 9481349.
283
Calculate the highest common divisor of 1854 and 35223322.
206
What is the highest common factor of 1640837 and 6751?
43
What is the highest common factor of 2362749 and 653409?
2757
Calculate the highest common factor of 69828 and 18183.
33
Calculate the highest common divisor of 1296747 and 484467.
2901
What is the greatest common factor of 7204792 and 280?
56
What is the highest common divisor of 85192576 and 19176?
6392
Calculate the greatest common divisor of 1367298 and 40626.
666
What is the greatest common factor of 6750 and 51138?
54
What is the highest common factor of 336835912 and 65072?
4648
What is the greatest common factor of 395577 and 22197?
147
Calculate the highest common factor of 2858 and 96115969.
1429
Calculate the highest common factor of 642 and 134898.
6
What is the highest common divisor of 16876669 and 3979?
173
Calculate the highest common divisor of 333 and 48465819.
333
What is the greatest common factor of 21618774 and 36?
18
Calculate the highest common divisor of 1288880 and 5680.
80
What is the greatest common divisor of 24 and 299776272?
24
What is the highest common factor of 25124 and 76032?
44
Calculate the greatest common factor of 1380339 and 6.
3
Calculate the highest common divisor of 48 and 696577008.
48
What is the greatest common factor of 5785392 and 2544?
48
What is the highest common divisor of 129 and 268881?
3
Calculate the greatest common factor of 55452995 and 195.
65
What is the greatest common divisor of 23463 and 32327669?
869
Calculate the greatest common factor of 1291141 and 1902.
317
What is the highest common divisor of 2247 and 3570189?
21
What is the greatest common factor of 747 and 794283108?
249
What is the highest common divisor of 5142 and 627714?
6
Calculate the highest common divisor of 536000 and 248905.
335
What is the greatest common factor of 83481 and 417?
3
Calculate the greatest common factor of 2078167 and 738.
41
Calculate the greatest common divisor of 22466758 and 2363.
17
Calculate the highest common divisor of 384 and 7826496.
192
What is the highest common divisor of 1198 and 14646748?
1198
Calculate the highest common factor of 21207680 and 120.
40
Calculate the highest common factor of 80 and 235423300.
20
Calculate the greatest common divisor of 81641 and 131999.
763
Calculate the highest common factor of 100139 and 4277.
13
What is the greatest common divisor of 26 and 3641482?
26
What is the highest common divisor of 1148360671 and 109?
109
Calculate the greatest common divisor of 23803 and 35256.
13
Calculate the highest common divisor of 10027202 and 49591.
491
Calculate the highest common divisor of 249 and 56255657.
83
What is the greatest common divisor of 331820 and 6721?
47
What is the greatest common divisor of 60862396 and 266?
266
Calculate the highest common divisor of 1285650 and 324.
18
What is the greatest common factor of 12936 and 178134?
66
Calculate the highest common divisor of 16349942 and 56.
14
What is the highest common divisor of 10 and 733214?
2
What is the greatest common factor of 505438 and 1501?
19
Calculate the highest common divisor of 16210 and 154610.
10
What is the greatest common factor of 87 and 9451883?
29
What is the highest common divisor of 13785389 and 418241?
4141
Calculate the highest common divisor of 31208 and 4897.
83
Calculate the greatest common factor of 10563 and 4794093.
1509
What is the highest common factor of 242 and 62204417?
11
Calculate the greatest common divisor of 27 and 19632687.
3
Calculate the greatest common factor of 215108 and 3140.
4
Calculate the highest common factor of 712 and 58639519.
89
Calculate the greatest common factor of 10484 and 7388.
4
Calculate the greatest common factor of 40737 and 470825.
37
What is the greatest common divisor of 957 and 6964872?
87
What is the greatest common factor of 1991076 and 6108?
12
What is the highest common divisor of 2 and 2504123?
1
What is the greatest common factor of 18490 and 716810?
430
Calculate the greatest common divisor of 1243 and 44495671.
1243
Calculate the greatest common factor of 62 and 42662014.
62
Calculate the highest common divisor of 15